?
False
Is 47/1974 + 2265689/42 a composite number?
True
Suppose 12*h - 6 = 11*h. Suppose 0 = h*d + 6664 - 38482. Is d composite?
False
Suppose 4*a = 5*a + 10. Let x be 69/92 + a/(-8). Suppose -642 + 3076 = x*j. Is j composite?
False
Suppose 4165*y - 4161*y = 2*q - 959434, -q = -y - 479709. Is q a prime number?
True
Let b(d) = d**3 - 14*d**2 + 18*d - 61. Let n be (-12)/((-5)/(-20) - 1). Is b(n) a prime number?
True
Let z = 168010 - 83271. Is z composite?
True
Let q(m) = 2*m**2 - 78*m + 55. Suppose -1719 = 28*r - 459. Is q(r) a prime number?
False
Suppose 5*s - 5*l = -34580, -2*l - 10818 = s - 3890. Let f = s + 10069. Is f a composite number?
True
Let j(c) = 40*c**3 + 13*c**2 - 63*c - 105. Is j(13) prime?
True
Let j = -764033 - -1219290. Is j a prime number?
False
Let u = 151 - 68. Suppose 4*f - 1961 = u. Let d = -202 + f. Is d a composite number?
True
Let c = -296381 - -543270. Is c a prime number?
True
Suppose b - 82640 = -z, 0 = 25*b - 27*b + 2*z + 165268. Is b composite?
True
Is 4280409/27 + 15 + 2/6 composite?
True
Suppose 0 = -2*t - 2*w + 31624, -38437 = -2*t + 4*w - 6819. Is t prime?
False
Let l(m) = 3185*m**2 - 113*m + 415. Is l(7) composite?
False
Is (36387055/51)/((-1)/((-36)/20)) a prime number?
False
Let s(c) = -60*c**3 + 2*c**2 - 11*c - 9. Let g be s(-4). Suppose y - 8*b = -9*b + 3903, y + 2*b - g = 0. Is y composite?
True
Suppose -584418 = 89*v - 2045952 - 2708383. Is v prime?
True
Let j = 53 - 48. Suppose 10*i + 9865 = j*l + 5*i, -3*l = -4*i - 5919. Is l a composite number?
False
Suppose 5*d + 4*g = 1013941, -391*g + 202787 = d - 389*g. Is d prime?
False
Suppose 4*n + 3*q = -109 + 36, -4*q + 4 = 0. Let p(a) = a**3 + 20*a**2 + 7*a + 10. Let v be p(-20). Let m = n - v. Is m prime?
False
Suppose 3*d - 546489 = -3*f, -5*f + 91106 = 3*d - 455379. Is d composite?
True
Let r(j) = -3*j**3 - 60*j**2 + 96*j - 98. Is r(-37) a composite number?
False
Is (15/75)/(2/922730) composite?
True
Suppose -4*j + 2*f + 24 = 0, -4*j + j - f + 8 = 0. Suppose -2*q + 1 - 7 = 2*l, j*q = -2*l - 6. Is (2122/(-5) + q)/((-2)/5) a prime number?
True
Suppose 0 = 2*i - 5*i + 3*z - 144, 3*z = -3*i - 156. Let a = i - -53. Suppose 0 = -a*n + 6337 - 1006. Is n a prime number?
True
Let w be 340/(-80) - 3/4. Is (406/6 - w)/(6/45) a prime number?
False
Suppose 0 = 7*f + 7*f - 5486524 - 693930. Is f a composite number?
False
Suppose -15 = -3*l + 3*r - 0, -5*r = 4*l - 20. Suppose 5*n = -d + 9 + 7, l*d - 24 = 3*n. Let f(a) = 26*a**3 + 7*a**2 + a + 5. Is f(d) composite?
False
Is (1826772/30*7/(98/35))/1 a prime number?
True
Let g = 194 + -137. Let y = g + -25. Suppose 0*d + 2*d + 3*f = y, -36 = -2*d - 4*f. Is d prime?
False
Suppose 0 = 2*u + 2*h - 3520, -2*u + 5274 = u - 3*h. Let i = -677 + u. Is i a prime number?
False
Suppose 2*n - 430 = 3*k, 5*n - 5*k - 495 = 590. Suppose -2*w - 16 = o - 524, 0 = 2*w + 6. Let v = o - n. Is v a prime number?
True
Let x = -77 + 82. Suppose 0*c - x*s + 29150 = 5*c, -4*s = -2*c + 11678. Suppose 2*u - c = -5*n + u, n - 5*u - 1177 = 0. Is n a prime number?
False
Suppose -5*v = -98 - 32. Suppose v*i - 11*i = 11085. Is i composite?
False
Let b(s) = 207*s**2 + 149*s - 5683. Is b(42) a composite number?
True
Suppose -32*f + 24 = -38*f. Is f/22 + 712803/77 prime?
True
Let t(h) = 5*h**2 - 3*h + 167. Suppose 0 = -k + 5*u + 41, 3*k = -k + 4*u + 84. Is t(k) a prime number?
True
Suppose 4*b + 14 = c, 5*c = -4*b - 1 - 1. Is (-2)/b*4029/2 + 0 a composite number?
True
Suppose -5*b = 4*k - 203687, -103*b + 102*b = -5*k - 40720. Is b a prime number?
False
Let v = 228754 - -124569. Is v a prime number?
False
Suppose -284 = -4*r + 2*j - 4*j, 4*j - 85 = -r. Suppose -5*l - 46 - r = 0. Let q = 72 + l. Is q prime?
False
Suppose 175580 = 7*z - 2996169. Is z a prime number?
True
Suppose -5*g = -4*j - 95354, -6*g - 38139 = -8*g - j. Suppose 7196 = -6*y + g. Is y a prime number?
True
Suppose -3*y = -5*g + 9, -3*y - 4*g = -y - 16. Suppose y*f = 2*u - 12252, 0*f = -4*u + 3*f + 24509. Is u composite?
False
Is 1/(((-1595833)/1196877 - -1) + (-309)/(-927)) a prime number?
False
Let a = -403 + 581. Suppose -2*l - a = -5*m - 20, -m - l + 26 = 0. Is 18925/m + (-1)/(-6) a prime number?
True
Let u(d) = -3*d**3 + 8*d**2 + 9*d. Let r be u(7). Let x(o) = 9*o + 680. Let p be x(17). Let s = r + p. Is s a prime number?
False
Let l(w) = 4818*w - 4. Let r be l(5). Suppose -2*a = 5*x - r, -3*x - 12069 = -a + x. Is a composite?
True
Suppose z - 209591 = -4*q, 4641*z = 4646*z + 4*q - 1047907. Is z a composite number?
False
Let g(a) = a**3 + a + 1. Let b(c) = -57*c**3 - c**2 + 14*c + 10. Let y(z) = -b(z) + 6*g(z). Let w be y(4). Let u = -317 + w. Is u a prime number?
False
Let j = -392 - -196. Let g = j - -417. Is g a prime number?
False
Let t(m) = m**3 - 2*m**2 + 7*m - 12. Let j be t(2). Is (j + 52/(-3))/((-2)/993) prime?
False
Suppose 233796 = 24*v - 327780. Is v a prime number?
True
Let v(s) = s**2 + 115*s - 1141. Is v(82) composite?
False
Let n(p) = -p**3 - 2*p**2 - 6*p + 2. Let y be n(-2). Suppose 3*d + y*d - 16201 = 0. Is d composite?
False
Suppose 6*l - 4*l = 6, 6 = -z + 4*l. Suppose -z = 3*p, 2*a = -a - 2*p + 9209. Is a prime?
False
Let r be ((-896)/(-70))/(3/(-30)*2). Let k = 951 + r. Is k a prime number?
True
Let d = 33258 + 25051. Is d composite?
False
Let q = -10 + 10. Suppose 12996 = 2*k - 4*m, 2*m - 6510 = -k - q*m. Suppose -y + 4*y - 3*g = k, -y = 2*g - 2165. Is y composite?
True
Let u(v) = 332*v + 26 + 243*v + 1062*v. Is u(3) composite?
False
Let o = -15 - -11. Let v(f) = f**3 + 9*f**2 + 5*f - 2. Let t be v(o). Suppose -2*p = a - t, -21 = -a + p + 43. Is a composite?
True
Let o(d) be the third derivative of d**5/10 - 41*d**4/24 + 9*d**3/2 + 19*d**2. Let t(b) be the first derivative of o(b). Is t(25) composite?
True
Suppose 3389 - 709 = 4*j. Suppose 861 + j = w. Is w prime?
True
Let w(f) = 895*f - 34. Let d be w(6). Suppose -d + 958 = -2*o. Is o composite?
True
Let u be (-9)/36 + (0 - (-25)/4). Suppose -u*y - 2954 = y. Is (6/12)/(-1*1/y) prime?
True
Let u = 78243 - 25730. Is u prime?
False
Suppose 37*w + 15477449 - 22560800 = 32075710. Is w composite?
False
Suppose 3*r = 3*q - 6, 5*r = 2*r + 3. Suppose 0*p + p - q = 0. Suppose -p*c + 11*c - 3112 = 0. Is c composite?
False
Let b(z) = 2*z**3 + 11*z**2 + 19*z - 3. Let v be b(-6). Is (1*3)/(v/(-152745)) a prime number?
False
Let o(h) = 403*h**2 + 138*h - 28. Is o(81) composite?
True
Let x = -137 - -123. Let j(v) = -v**3 - 12*v**2 + 28*v + 9. Let c be j(x). Is c/6*(-55538)/(-21) composite?
False
Let q = -41892 - -333161. Is q a prime number?
False
Let i be 1 - (-1)/(-5 - -6). Suppose -n - i = 0, 3*r + r = 5*n + 18. Is -1*(3 - r) + 656 + 0 composite?
True
Suppose -77*i - 190339627 = -274*i. Is i a prime number?
True
Suppose -5*p - 3*v - 30 = 0, -v = 5*p - 4*v + 30. Let h be p/(-9)*3390/4. Suppose h = -2*j + 7*j. Is j prime?
True
Let a be (-13)/((-234)/60)*-312. Let x = a + 9963. Is x composite?
False
Let i(g) = 908*g**2 - 4*g - 145. Is i(-6) composite?
True
Let s(b) = -3 + b + 22*b**3 - 5*b - 2*b**2 - 6*b**2 + 2*b**2. Let z be s(-4). Let c = z + 4378. Is c a prime number?
True
Let a be (-6)/(-21) + 30/(-35)*-57374. Suppose a = 5*v + y, -2*y + 3*y = 5*v - 49172. Suppose 4*z = -3*z + v. Is z composite?
True
Let t(c) = 675*c**2 + 11*c + 3. Let p be ((-23)/((-345)/18))/(6/20). Is t(p) a prime number?
True
Let f(c) = -c**2 + c - 1. Let u(n) = -n**3 - 6*n**2 - 9*n - 21. Let w(m) = -2*f(m) + u(m). Is w(-10) prime?
True
Suppose -7*t = -9*t + 8, -5*j - 787 = -3*t. Let f = 258 - -106. Let m = f + j. Is m a prime number?
False
Suppose -s = -5*w + 3*w, 3*s - 8 = 2*w. Suppose 5*r = 20, r + 7710 = s*g + 1770. Suppose g = 50*l - 48*l. Is l a prime number?
True
Let d = 16071 - 92616. Is d/(-91) + 3 + (-82)/26 prime?
False
Let v(b) be the first derivative of 3*b**2/2 - 7*b + 4. Let u be v(5). Suppose u*w - 3635 = 2117. Is w prime?
True
Let z be (-42)/(-3) - (-8 - -3). Let m(a) = -a**3 + 25*a**2 - 15*a - 34. Is m(z) a prime number?
True
Let l be (1/3)/(65/60 + -1). Suppose -r + 1687 = -5*c, r - 2*c - 8527 = -l*r. Is r composite?
True
Let y be 29/4 - (-1)/(-4). Suppose -4*g - 8215 = 3*p, -5*p - y*g + 3*g = 13681. Is (4/(-6))/(2/p) prime?
True
Let s = 90753 - -104978. Is s prime?
True
Suppose -4*d + 304686 + 875926 = 0. Is d a composite number?
F